{"id":123,"date":"2013-03-05T18:03:52","date_gmt":"2013-03-05T17:03:52","guid":{"rendered":"https:\/\/www.budo-sport.be\/budos\/produit\/protege-tibia-elasto\/"},"modified":"2020-11-08T09:14:29","modified_gmt":"2020-11-08T08:14:29","slug":"protege-tibia-elasto","status":"publish","type":"product","link":"https:\/\/www.budo-sport.be\/budos\/produit\/protege-tibia-elasto\/","title":{"rendered":"Prot\u00e8ge tibia \u00e9lasto"},"content":{"rendered":"","protected":false},"excerpt":{"rendered":"<p>Prot\u00e8ge tibia \u00e9lasto en coton<\/p>\n","protected":false},"featured_media":0,"template":"","meta":[],"product_brand":[],"product_cat":[30,13],"product_tag":[132,153,152,133],"class_list":{"0":"post-123","1":"product","2":"type-product","3":"status-publish","5":"product_cat-protections-arts-martiaux","6":"product_cat-protections-de-boxe","7":"product_tag-budo","8":"product_tag-combat","9":"product_tag-equipement","10":"product_tag-sport","11":"pa_couleur-32-blanc","12":"pa_taillexxs-ad-l","13":"pa_taillexxs-e1-m","14":"pa_taillexxs-1b-s","15":"pa_taillexxs-4c-xl","16":"pa_taillexxs-6f-xs","18":"first","19":"instock","20":"taxable","21":"shipping-taxable","22":"purchasable","23":"product-type-variable","24":"has-default-attributes"},"_links":{"self":[{"href":"https:\/\/www.budo-sport.be\/budos\/wp-json\/wp\/v2\/product\/123","targetHints":{"allow":["GET"]}}],"collection":[{"href":"https:\/\/www.budo-sport.be\/budos\/wp-json\/wp\/v2\/product"}],"about":[{"href":"https:\/\/www.budo-sport.be\/budos\/wp-json\/wp\/v2\/types\/product"}],"wp:attachment":[{"href":"https:\/\/www.budo-sport.be\/budos\/wp-json\/wp\/v2\/media?parent=123"}],"wp:term":[{"taxonomy":"product_brand","embeddable":true,"href":"https:\/\/www.budo-sport.be\/budos\/wp-json\/wp\/v2\/product_brand?post=123"},{"taxonomy":"product_cat","embeddable":true,"href":"https:\/\/www.budo-sport.be\/budos\/wp-json\/wp\/v2\/product_cat?post=123"},{"taxonomy":"product_tag","embeddable":true,"href":"https:\/\/www.budo-sport.be\/budos\/wp-json\/wp\/v2\/product_tag?post=123"}],"curies":[{"name":"wp","href":"https:\/\/api.w.org\/{rel}","templated":true}]}}